 = -198*d - 84. List the prime factors of p(-6).
2, 3, 23
Let n(i) = 7*i + 43. List the prime factors of n(4).
71
Suppose q = -3*h + 19, -4*q = -2*h + h - 11. Suppose h*t - 2*d + 35 = -331, 150 = -2*t - d. Let b = -51 - t. List the prime factors of b.
23
Let r(x) = 4*x**2 + 4*x**3 - 3*x**3 + 11*x - 10*x - 2. Let v be r(-3). Suppose -3*n = -v*k + 17 + 59, -k - n = -12. What are the prime factors of k?
2
Let z be 8/(-20) + (-1444)/(-10). Suppose 4*x + 0*x = z. What are the prime factors of x?
2, 3
Suppose -o = 2*i - 454, 35*i - 1866 = -4*o + 37*i. What are the prime factors of o?
2, 29
Suppose -l - 14 + 19 = 0. Suppose -931 = -3*z + l*w, 5*w - 721 = -4*z + 462. What are the prime factors of z?
2, 151
Let f(h) = -h**2 + 23*h - 4. Let g be f(20). Let a = g - -113. List the prime factors of a.
13
Suppose 2*m - 4 = m. Suppose 4*z = w - 0*z + 5, 0 = m*w - 3*z - 6. List the prime factors of 4/12 - (-23)/w.
2
Suppose 4*c - 3256 = 3*h, -10*c = -5*c + 4*h - 4070. What are the prime factors of c?
2, 11, 37
Let f(x) = -5 - 2*x**3 + 3*x**3 - 9*x + x + 8*x**2 + 2*x. List the prime factors of f(-8).
43
Suppose 0 = -5*c - 25 + 385. Let d = c + -27. List the prime factors of d.
3, 5
Suppose 2*s - 4*w - 10 = 6, 4*s - w = 11. Suppose -3*f - s*f = 135. What are the prime factors of (88/12)/((-6)/f)?
3, 11
Let g be (-4)/12 + (-94)/6. Let n = 26 - g. Let t = n + -25. What are the prime factors of t?
17
Let x be (-493)/9 - (-1 + 44/36). Let y = x + 58. List the prime factors of y.
3
Let g(t) = -36*t + 11. Let l(r) = -2*r**2 + 2*r + 7. Let h be l(-2). What are the prime factors of g(h)?
191
Let h(n) be the first derivative of -n**4/4 + n**3/3 + n**2/2 + 42*n - 2. Let w be h(0). List the prime factors of 219/7 + (-12)/w.
31
Let c = 35 - 32. Suppose -c*f + 6*f = -j + 358, 0 = -j + 4. What are the prime factors of f?
2, 59
Let v(y) = -13*y + 2. Let f be v(-3). Let j = 81 - f. Suppose 13 - j = -a. What are the prime factors of a?
3
Let t be 300/16*(-96)/(-18). Let i = t - 39. What are the prime factors of i?
61
Let r be 48/(-40)*435/(-2). Suppose 4*m = -v - 3 + r, -3*v + 70 = m. List the prime factors of m.
2
Let p(n) = 64*n**2 + 1. Let b(m) = m**2. Let y(s) = -2*b(s) + p(s). What are the prime factors of y(1)?
3, 7
Let s = 80 - 83. What are the prime factors of s*(544/(-12))/2?
2, 17
Let v = -84 - -82. List the prime factors of (-2)/(v*(-2)/(-6)) - -168.
3, 19
Let t(c) = -c**3 + 19*c**2 - 22*c + 35. List the prime factors of t(11).
761
Let f = -37 - -38. List the prime factors of f*((78 - 2) + -1).
3, 5
Let d(k) = 137*k**3 - 3*k + 2. Let b be d(1). Suppose 3*z + 132 = 3*l - 0*l, -4*z + b = 4*l. List the prime factors of l.
3, 13
Suppose 2*l - 506 = 4*w, -6*w - 248 = -l - 3*w. List the prime factors of l.
263
Suppose -5*y + 10 + 350 = 0. Suppose 7*d - 16*d = -y. List the prime factors of d.
2
Let l = 16 - 12. Suppose -5*v + l*b = -12, 2*b - b + 3 = 0. Suppose -2*r = 2*c - 80, v*c + 206 = 5*r + 3*c. What are the prime factors of r?
43
Let q = 4 - 24. What are the prime factors of q/(8/(-2))*68/10?
2, 17
Let u(m) = -m**3 + 34*m**2 - 25*m - 37. List the prime factors of u(31).
19, 109
Suppose 0 = 4*m + 4*s - 3512, 8*s - 2639 = -3*m + 6*s. What are the prime factors of m?
883
Suppose 11095 = 18*w - 7787. List the prime factors of w.
1049
Let v = 38 + -34. Suppose b = 3*q - 14, 4 = -3*q - 4*b - 7. List the prime factors of 5/(q/72*v).
2, 3, 5
Let d = -104 - -55. List the prime factors of (50 + d)/(2*(-2)/(-596)).
149
Let i(j) = j**3 + 16*j**2 + 21*j + 13. Let o(h) = h**3 + 16*h**2 + 21*h + 12. Let r(b) = 3*i(b) - 4*o(b). List the prime factors of r(-15).
3
Suppose -20*i + 11450 = -10*i. What are the prime factors of i?
5, 229
Suppose -5*f + 6*f - 18 = 0. Suppose -f = 4*d - 78. Suppose -4*a + 5 + d = 0. What are the prime factors of a?
5
Let m be 3/6*344/4. Suppose -u + m - 8 = -4*x, x - u = -8. Let c = 58 + x. List the prime factors of c.
7
Let w = 4733 + -2543. List the prime factors of w.
2, 3, 5, 73
Let l(n) = n - 3. Let y be l(5). Suppose r + y*r = 57. List the prime factors of r.
19
Let y = -563 - -1045. List the prime factors of y.
2, 241
Let i = 3 + -5. Suppose 4*h = -3*b + 2, 0*h + 7 = -5*h + b. What are the prime factors of -9*(i - -7)/h?
3, 5
Let o(f) = 3*f**2 + 43*f - 91. List the prime factors of o(20).
11, 179
Let r be 0 - -3 - (3 + -3). Let u(z) = z. Let f(v) = -5*v + 4. Let w(j) = -f(j) - 3*u(j). What are the prime factors of w(r)?
2
Let x = 25 + -22. Suppose x*v - 63 + 6 = 0. Suppose v = c - 4. What are the prime factors of c?
23
List the prime factors of -9*8/288 + 8978/8.
2, 3, 11, 17
Let k = -8 + 11. Suppose -4*j = l + l - 30, 0 = -j + 3*l - k. List the prime factors of j.
2, 3
Let f = -5343 + 7516. List the prime factors of f.
41, 53
Let w(v) = 8 - 11*v + 0*v**2 + 2*v**2 - v**2 + 0*v. Let c be w(9). Let i = -4 - c. List the prime factors of i.
2, 3
Let l = 183 + 22. Let j(t) = t**3 - 2*t**2 + 18*t - 67. Let z be j(4). Suppose w = 5*d - l, 0*w - z = -d + w. List the prime factors of d.
2, 3, 7
Suppose -20 = -3*d - 11, 5*f - 2*d = 109. What are the prime factors of f?
23
Suppose -39*l - 3172 = -52*l. List the prime factors of l.
2, 61
Let c = -80 + 164. Let s = c + 17. What are the prime factors of s?
101
Let f = -20 - 5. Let b = 99 - f. What are the prime factors of (-1)/(-2 + 244/b)?
31
Suppose 0 = 4*c + 3*x - 12921, -2*c + 3*c + x - 3230 = 0. List the prime factors of c.
3, 359
Let b(t) = -2*t - 5. Let n be b(5). Let v be 54/10 + 6/n. Suppose v*u - 56 = 99. What are the prime factors of u?
31
Let k = 24 - 60. Let i be (2/6)/((-4)/k). Suppose i*a + 2*a - m - 11 = 0, -5*a - 3*m = -27. List the prime factors of a.
3
Let c(v) = v**2 - 7*v + 4. Let t be 2 + (-32)/(-4) + -3. Let b be c(t). Suppose 88 + 24 = b*l. What are the prime factors of l?
2, 7
Let w = 29 + -27. Suppose w*z + 8*z = 220. What are the prime factors of z?
2, 11
Suppose 2*v - 6*v = -2*i - 344, v - 4*i = 79. Let m = 142 - v. List the prime factors of m.
5, 11
List the prime factors of (1 - 26)*872/(-10).
2, 5, 109
Suppose 0 = -d + 6*d. Suppose 4*s = 2*s - 2*i + 2, s - 4*i - 6 = d. Suppose -s*r + 39 = -5*k, k + 3 + 0 = 0. List the prime factors of r.
2, 3
Suppose -w - 4*s + 288 = 0, 7*w + 2*s = 2*w + 1422. Let x = w - 186. List the prime factors of x.
2, 7
Let m(v) = -3*v**2 - 7*v - 10. Let w(t) = 2*t**2 + 4*t + 5. Let f(i) = 3*m(i) + 5*w(i). What are the prime factors of f(-8)?
67
Let k(c) = 105*c - 14. Let f be k(6). Suppose -3*r + f = 5*x + 75, 3*x - 342 = 4*r. What are the prime factors of x?
2, 5, 11
Suppose -38107 - 66662 = -63*p. List the prime factors of p.
1663
Let l(i) = -i**2 - 10*i + 11. Let m be l(-11). Suppose 0 = -2*u - 8 - m. What are the prime factors of 1/(-2) - 178/u?
2, 11
Suppose 0 = p + d + 3*d + 8, -3*p - 5*d = -4. Suppose p = b - 103. What are the prime factors of b?
3, 37
Suppose -4*w - 5*x + 177 = -0*x, -5*w + 249 = -3*x. Suppose 0 = 3*f - 4*f - w. What are the prime factors of (f/9)/(2/(-9))?
2, 3
Suppose -6*o + 3*o - 3464 = -4*k, 2*k = 5*o + 1732. List the prime factors of k.
2, 433
Let l be 3/(-5)*(-25)/5. Let j(a) = 3*a - 5. Let s be j(l). Suppose 0 = -s*w - 10 + 66. What are the prime factors of w?
2, 7
Let x = 678 - 292. List the prime factors of x.
2, 193
Suppose -3 = -3*l - 3. Suppose g = -5*j - l*g + 551, 5*j + 4*g - 539 = 0. What are the prime factors of j?
3, 37
Let q(w) = 4*w**3 + 141*w**2 - 38*w + 9. List the prime factors of q(-35).
2, 641
Let j(d) = 4*d**3 + 14*d**2 - 24*d + 171. What are the prime factors of j(10)?
3, 1777
Let x be 0/(1/(3/3)). Suppose -85 + 3 = -2*g + 5*d, 2*d + 4 = x. What are the prime factors of g?
2, 3
Let a = -696 + 988. Suppose -n + 3*n = a. What are the prime factors of n?
2, 73
Let p(f) = 89*f**2 + 4*f - 13. What are the prime factors of p(2)?
3, 13
Let r = 0 - -7. Suppose -91 = r*q - 707. Suppose -4*i + 11 + 8 = z, 4*z + 4*i - q = 0. What are the prime factors of z?
23
Let l = 1 + -1. Suppose 28*w + 6 = -106. What are the prime factors of 7 + ((-12)/w - l)?
2, 5
Let k = -61 - -90. Suppose 25 = 2*d - k. List the prime factors of d.
3
Let k be 4 + (4 - 6)/2. Let o(c) = 4 - c**2 + 4*c**3 + 0*c**2 - 2*c - 3*c**3. List the prime factors of o(k).
2
What are the prime factors of ((-9)/6)/(2 - (-3059)/(-1526))?
3, 109
Let k be (3/(